{"id":11,"date":"2013-08-15T13:32:34","date_gmt":"2013-08-15T13:32:34","guid":{"rendered":"https:\/\/www.wir-kaufen-toner.de\/blog\/?page_id=11"},"modified":"2024-04-11T11:46:42","modified_gmt":"2024-04-11T11:46:42","slug":"impressum","status":"publish","type":"page","link":"https:\/\/www.wir-kaufen-toner.de\/blog\/impressum\/","title":{"rendered":"Impressum"},"content":{"rendered":"<p>Baseline GmbH<\/p>\n<p>Harpener Feld 34<\/p>\n<p>D-44805 Bochum<\/p>\n<p>Telefon: +49 234 9585990<\/p>\n<p>Telefax: +49 234 9585991<\/p>\n<p>Email: shop@baseline-toner.de<br \/>\nRegistergericht: Amtsgericht Bochum<br \/>\nRegisternummer: HRB 13665<\/p>\n<p>Umsatzsteuer-Identifikationsnummer gem\u00e4\u00df \u00a7 27 a Umsatzsteuergesetz: DE280142972<br \/>\nVerantwortliche i.S.d. \u00a7 55 Abs. 2 RStV: Sebastian B\u00f6tel, Harpener Feld 34, 44805 Bochum<\/p>\n<p>Gesch\u00e4ftsf\u00fchrer: Roland Jackmuth \/ Sebastian B\u00f6tel<\/p>\n","protected":false},"excerpt":{"rendered":"<p>Baseline GmbH Harpener Feld 34 D-44805 Bochum Telefon: +49 234 9585990 Telefax: +49 234 9585991 Email: shop@baseline-toner.de Registergericht: Amtsgericht Bochum Registernummer: HRB 13665 Umsatzsteuer-Identifikationsnummer gem\u00e4\u00df \u00a7 27 a Umsatzsteuergesetz: DE280142972 Verantwortliche i.S.d. \u00a7 55 Abs. 2 RStV: Sebastian B\u00f6tel, Harpener Feld 34, 44805 Bochum Gesch\u00e4ftsf\u00fchrer: Roland Jackmuth \/ Sebastian B\u00f6tel<\/p>\n","protected":false},"author":1,"featured_media":0,"parent":0,"menu_order":0,"comment_status":"closed","ping_status":"open","template":"","meta":{"footnotes":""},"yoast_head":"<!-- This site is optimized with the Yoast SEO plugin v21.7 - https:\/\/yoast.com\/wordpress\/plugins\/seo\/ -->\n<title>Impressum - Blog Druckerzubeh\u00f6r + Toner Ankauf<\/title>\n<meta name=\"robots\" content=\"index, follow, max-snippet:-1, max-image-preview:large, max-video-preview:-1\" \/>\n<link rel=\"canonical\" href=\"https:\/\/www.wir-kaufen-toner.de\/blog\/impressum\/\" \/>\n<meta property=\"og:locale\" content=\"de_DE\" \/>\n<meta property=\"og:type\" content=\"article\" \/>\n<meta property=\"og:title\" content=\"Impressum - Blog Druckerzubeh\u00f6r + Toner Ankauf\" \/>\n<meta property=\"og:description\" content=\"Baseline GmbH Harpener Feld 34 D-44805 Bochum Telefon: +49 234 9585990 Telefax: +49 234 9585991 Email: shop@baseline-toner.de Registergericht: Amtsgericht Bochum Registernummer: HRB 13665 Umsatzsteuer-Identifikationsnummer gem\u00e4\u00df \u00a7 27 a Umsatzsteuergesetz: DE280142972 Verantwortliche i.S.d. \u00a7 55 Abs. 2 RStV: Sebastian B\u00f6tel, Harpener Feld 34, 44805 Bochum Gesch\u00e4ftsf\u00fchrer: Roland Jackmuth \/ Sebastian B\u00f6tel\" \/>\n<meta property=\"og:url\" content=\"https:\/\/www.wir-kaufen-toner.de\/blog\/impressum\/\" \/>\n<meta property=\"og:site_name\" content=\"Blog Druckerzubeh\u00f6r + Toner Ankauf\" \/>\n<meta property=\"article:modified_time\" content=\"2024-04-11T11:46:42+00:00\" \/>\n<meta name=\"twitter:label1\" content=\"Gesch\u00e4tzte Lesezeit\" \/>\n\t<meta name=\"twitter:data1\" content=\"1\u00a0Minute\" \/>\n<script type=\"application\/ld+json\" class=\"yoast-schema-graph\">{\"@context\":\"https:\/\/schema.org\",\"@graph\":[{\"@type\":\"WebPage\",\"@id\":\"https:\/\/www.wir-kaufen-toner.de\/blog\/impressum\/\",\"url\":\"https:\/\/www.wir-kaufen-toner.de\/blog\/impressum\/\",\"name\":\"Impressum - Blog Druckerzubeh\u00f6r + Toner Ankauf\",\"isPartOf\":{\"@id\":\"https:\/\/www.wir-kaufen-toner.de\/blog\/#website\"},\"datePublished\":\"2013-08-15T13:32:34+00:00\",\"dateModified\":\"2024-04-11T11:46:42+00:00\",\"breadcrumb\":{\"@id\":\"https:\/\/www.wir-kaufen-toner.de\/blog\/impressum\/#breadcrumb\"},\"inLanguage\":\"de\",\"potentialAction\":[{\"@type\":\"ReadAction\",\"target\":[\"https:\/\/www.wir-kaufen-toner.de\/blog\/impressum\/\"]}]},{\"@type\":\"BreadcrumbList\",\"@id\":\"https:\/\/www.wir-kaufen-toner.de\/blog\/impressum\/#breadcrumb\",\"itemListElement\":[{\"@type\":\"ListItem\",\"position\":1,\"name\":\"Home\",\"item\":\"https:\/\/www.wir-kaufen-toner.de\/blog\/\"},{\"@type\":\"ListItem\",\"position\":2,\"name\":\"Impressum\"}]},{\"@type\":\"WebSite\",\"@id\":\"https:\/\/www.wir-kaufen-toner.de\/blog\/#website\",\"url\":\"https:\/\/www.wir-kaufen-toner.de\/blog\/\",\"name\":\"Blog Druckerzubeh\u00f6r + Toner Ankauf\",\"description\":\"Hinweise und Neuigkeiten zum Thema Toner Ankauf - Baseline GmbH\",\"potentialAction\":[{\"@type\":\"SearchAction\",\"target\":{\"@type\":\"EntryPoint\",\"urlTemplate\":\"https:\/\/www.wir-kaufen-toner.de\/blog\/?s={search_term_string}\"},\"query-input\":\"required name=search_term_string\"}],\"inLanguage\":\"de\"}]}<\/script>\n<!-- \/ Yoast SEO plugin. -->","yoast_head_json":{"title":"Impressum - Blog Druckerzubeh\u00f6r + Toner Ankauf","robots":{"index":"index","follow":"follow","max-snippet":"max-snippet:-1","max-image-preview":"max-image-preview:large","max-video-preview":"max-video-preview:-1"},"canonical":"https:\/\/www.wir-kaufen-toner.de\/blog\/impressum\/","og_locale":"de_DE","og_type":"article","og_title":"Impressum - Blog Druckerzubeh\u00f6r + Toner Ankauf","og_description":"Baseline GmbH Harpener Feld 34 D-44805 Bochum Telefon: +49 234 9585990 Telefax: +49 234 9585991 Email: shop@baseline-toner.de Registergericht: Amtsgericht Bochum Registernummer: HRB 13665 Umsatzsteuer-Identifikationsnummer gem\u00e4\u00df \u00a7 27 a Umsatzsteuergesetz: DE280142972 Verantwortliche i.S.d. \u00a7 55 Abs. 2 RStV: Sebastian B\u00f6tel, Harpener Feld 34, 44805 Bochum Gesch\u00e4ftsf\u00fchrer: Roland Jackmuth \/ Sebastian B\u00f6tel","og_url":"https:\/\/www.wir-kaufen-toner.de\/blog\/impressum\/","og_site_name":"Blog Druckerzubeh\u00f6r + Toner Ankauf","article_modified_time":"2024-04-11T11:46:42+00:00","twitter_misc":{"Gesch\u00e4tzte Lesezeit":"1\u00a0Minute"},"schema":{"@context":"https:\/\/schema.org","@graph":[{"@type":"WebPage","@id":"https:\/\/www.wir-kaufen-toner.de\/blog\/impressum\/","url":"https:\/\/www.wir-kaufen-toner.de\/blog\/impressum\/","name":"Impressum - Blog Druckerzubeh\u00f6r + Toner Ankauf","isPartOf":{"@id":"https:\/\/www.wir-kaufen-toner.de\/blog\/#website"},"datePublished":"2013-08-15T13:32:34+00:00","dateModified":"2024-04-11T11:46:42+00:00","breadcrumb":{"@id":"https:\/\/www.wir-kaufen-toner.de\/blog\/impressum\/#breadcrumb"},"inLanguage":"de","potentialAction":[{"@type":"ReadAction","target":["https:\/\/www.wir-kaufen-toner.de\/blog\/impressum\/"]}]},{"@type":"BreadcrumbList","@id":"https:\/\/www.wir-kaufen-toner.de\/blog\/impressum\/#breadcrumb","itemListElement":[{"@type":"ListItem","position":1,"name":"Home","item":"https:\/\/www.wir-kaufen-toner.de\/blog\/"},{"@type":"ListItem","position":2,"name":"Impressum"}]},{"@type":"WebSite","@id":"https:\/\/www.wir-kaufen-toner.de\/blog\/#website","url":"https:\/\/www.wir-kaufen-toner.de\/blog\/","name":"Blog Druckerzubeh\u00f6r + Toner Ankauf","description":"Hinweise und Neuigkeiten zum Thema Toner Ankauf - Baseline GmbH","potentialAction":[{"@type":"SearchAction","target":{"@type":"EntryPoint","urlTemplate":"https:\/\/www.wir-kaufen-toner.de\/blog\/?s={search_term_string}"},"query-input":"required name=search_term_string"}],"inLanguage":"de"}]}},"_links":{"self":[{"href":"https:\/\/www.wir-kaufen-toner.de\/blog\/wp-json\/wp\/v2\/pages\/11"}],"collection":[{"href":"https:\/\/www.wir-kaufen-toner.de\/blog\/wp-json\/wp\/v2\/pages"}],"about":[{"href":"https:\/\/www.wir-kaufen-toner.de\/blog\/wp-json\/wp\/v2\/types\/page"}],"author":[{"embeddable":true,"href":"https:\/\/www.wir-kaufen-toner.de\/blog\/wp-json\/wp\/v2\/users\/1"}],"replies":[{"embeddable":true,"href":"https:\/\/www.wir-kaufen-toner.de\/blog\/wp-json\/wp\/v2\/comments?post=11"}],"version-history":[{"count":1,"href":"https:\/\/www.wir-kaufen-toner.de\/blog\/wp-json\/wp\/v2\/pages\/11\/revisions"}],"predecessor-version":[{"id":12,"href":"https:\/\/www.wir-kaufen-toner.de\/blog\/wp-json\/wp\/v2\/pages\/11\/revisions\/12"}],"wp:attachment":[{"href":"https:\/\/www.wir-kaufen-toner.de\/blog\/wp-json\/wp\/v2\/media?parent=11"}],"curies":[{"name":"wp","href":"https:\/\/api.w.org\/{rel}","templated":true}]}}